{"id":77,"date":"2021-02-26T11:05:16","date_gmt":"2021-02-26T11:05:16","guid":{"rendered":"http:\/\/bip.wszuie.pl\/?page_id=77"},"modified":"2021-02-26T12:18:55","modified_gmt":"2021-02-26T12:18:55","slug":"zarzadzenia","status":"publish","type":"page","link":"https:\/\/bip.wszuie.pl\/?page_id=77","title":{"rendered":"Zarz\u0105dzenia"},"content":{"rendered":"<p style=\"text-align: center;\"><a class=\"wpsebtn\" id=\"btn-141c9a0e-7703-19eb-0af2-3aa497d5d06f\" data-text=\"Zarz\u0105dzenia Rektora\" data-font-size=\"18\" data-color=\"#ffffff\" data-background=\"#0e83cd\" data-padding-left=\"12\" data-padding-top=\"6\" data-padding-right=\"12\" data-padding-bottom=\"6\" data-border-radius=\"0\" data-border-color=\"#357ebd\" data-border-width=\"1\" data-color-hover=\"#ffffff\" data-background-hover=\"#1990f9\" data-box-shadow-color-hover=\"#bababa\" data-box-shadow-horz-hover=\"3\" data-box-shadow-vert-hover=\"3\" data-box-shadow-blur-hover=\"3\" data-box-shadow-spread-hover=\"0\" href=\"http:\/\/bip.wszuie.pl\/?page_id=79\" type=\"button\"> Zarz\u0105dzenia Rektora <\/a><\/p>\n<p style=\"text-align: center;\"><a class=\"wpsebtn\" id=\"btn-e77ffba4-e2fd-1647-eee0-c834a319f82e\" data-text=\"Zarz\u0105dzenia Dziekana\" data-font-size=\"18\" data-color=\"#ffffff\" data-background=\"#0e83cd\" data-padding-left=\"12\" data-padding-top=\"6\" data-padding-right=\"12\" data-padding-bottom=\"6\" data-border-radius=\"0\" data-border-color=\"#357ebd\" data-border-width=\"1\" data-color-hover=\"#ffffff\" data-background-hover=\"#1990f9\" data-box-shadow-color-hover=\"#bababa\" data-box-shadow-horz-hover=\"3\" data-box-shadow-vert-hover=\"3\" data-box-shadow-blur-hover=\"3\" data-box-shadow-spread-hover=\"0\" href=\"http:\/\/bip.wszuie.pl\/?page_id=81\" type=\"button\"> Zarz\u0105dzenia Dziekana<\/a><\/p>\n<p style=\"text-align: center;\"><a class=\"wpsebtn\" id=\"btn-9d2bdafe-76bd-da18-232b-39065fe3fcda\" data-text=\"Zarz\u0105dzenia Kanclerza\" data-font-size=\"18\" data-color=\"#ffffff\" data-background=\"#0e83cd\" data-padding-left=\"12\" data-padding-top=\"6\" data-padding-right=\"12\" data-padding-bottom=\"6\" data-border-radius=\"0\" data-border-color=\"#357ebd\" data-border-width=\"1\" data-color-hover=\"#ffffff\" data-background-hover=\"#1990f9\" data-box-shadow-color-hover=\"#bababa\" data-box-shadow-horz-hover=\"3\" data-box-shadow-vert-hover=\"3\" data-box-shadow-blur-hover=\"3\" data-box-shadow-spread-hover=\"0\" href=\"http:\/\/bip.wszuie.pl\/?page_id=83\" type=\"button\"> Zarz\u0105dzenia Kanclerza <\/a><\/p>\n<div id=\"style-btn-141c9a0e-7703-19eb-0af2-3aa497d5d06f\">\n<style class=\"style-btn\">#btn-141c9a0e-7703-19eb-0af2-3aa497d5d06f {font-size: 18px;color: #ffffff;background: #0e83cd;padding-left: 12px;padding-top: 6px;padding-right: 12px;padding-bottom: 6px;border-radius: 0px;-moz-border-radius: 0px;-webkit-border-radius: 0px;border-color: #357ebd;border-width: 1px;} #btn-141c9a0e-7703-19eb-0af2-3aa497d5d06f:hover {background: #1990f9;color: #ffffff;box-shadow: 3px 3px 3px 0px #bababa;-moz-box-shadow: 3px 3px 3px 0px #bababa;-webkit-box-shadow: 3px 3px 3px 0px #bababa;}<\/style>\n<\/div>\n<div id=\"style-btn-e77ffba4-e2fd-1647-eee0-c834a319f82e\">\n<style class=\"style-btn\">#btn-e77ffba4-e2fd-1647-eee0-c834a319f82e {font-size: 18px;color: #ffffff;background: #0e83cd;padding-left: 12px;padding-top: 6px;padding-right: 12px;padding-bottom: 6px;border-radius: 0px;-moz-border-radius: 0px;-webkit-border-radius: 0px;border-color: #357ebd;border-width: 1px;} #btn-e77ffba4-e2fd-1647-eee0-c834a319f82e:hover {background: #1990f9;color: #ffffff;box-shadow: 3px 3px 3px 0px #bababa;-moz-box-shadow: 3px 3px 3px 0px #bababa;-webkit-box-shadow: 3px 3px 3px 0px #bababa;}<\/style>\n<\/div>\n<div id=\"style-btn-9d2bdafe-76bd-da18-232b-39065fe3fcda\">\n<style class=\"style-btn\">#btn-9d2bdafe-76bd-da18-232b-39065fe3fcda {font-size: 18px;color: #ffffff;background: #0e83cd;padding-left: 12px;padding-top: 6px;padding-right: 12px;padding-bottom: 6px;border-radius: 0px;-moz-border-radius: 0px;-webkit-border-radius: 0px;border-color: #357ebd;border-width: 1px;} #btn-9d2bdafe-76bd-da18-232b-39065fe3fcda:hover {background: #1990f9;color: #ffffff;box-shadow: 3px 3px 3px 0px #bababa;-moz-box-shadow: 3px 3px 3px 0px #bababa;-webkit-box-shadow: 3px 3px 3px 0px #bababa;}<\/style>\n<\/div>\n","protected":false},"excerpt":{"rendered":"<p>Zarz\u0105dzenia Rektora Zarz\u0105dzenia Dziekana Zarz\u0105dzenia Kanclerza<\/p>\n","protected":false},"author":2,"featured_media":0,"parent":0,"menu_order":3,"comment_status":"closed","ping_status":"closed","template":"onecolumn-page.php","meta":[],"_links":{"self":[{"href":"https:\/\/bip.wszuie.pl\/index.php?rest_route=\/wp\/v2\/pages\/77"}],"collection":[{"href":"https:\/\/bip.wszuie.pl\/index.php?rest_route=\/wp\/v2\/pages"}],"about":[{"href":"https:\/\/bip.wszuie.pl\/index.php?rest_route=\/wp\/v2\/types\/page"}],"author":[{"embeddable":true,"href":"https:\/\/bip.wszuie.pl\/index.php?rest_route=\/wp\/v2\/users\/2"}],"replies":[{"embeddable":true,"href":"https:\/\/bip.wszuie.pl\/index.php?rest_route=%2Fwp%2Fv2%2Fcomments&post=77"}],"version-history":[{"count":3,"href":"https:\/\/bip.wszuie.pl\/index.php?rest_route=\/wp\/v2\/pages\/77\/revisions"}],"predecessor-version":[{"id":143,"href":"https:\/\/bip.wszuie.pl\/index.php?rest_route=\/wp\/v2\/pages\/77\/revisions\/143"}],"wp:attachment":[{"href":"https:\/\/bip.wszuie.pl\/index.php?rest_route=%2Fwp%2Fv2%2Fmedia&parent=77"}],"curies":[{"name":"wp","href":"https:\/\/api.w.org\/{rel}","templated":true}]}}