{"id":273,"date":"2021-10-18T13:05:59","date_gmt":"2021-10-18T13:05:59","guid":{"rendered":"https:\/\/bip.wszuie.pl\/?page_id=273"},"modified":"2021-11-04T10:16:26","modified_gmt":"2021-11-04T10:16:26","slug":"uchwaly-senatu-rok-akademicki-2018-2019","status":"publish","type":"page","link":"https:\/\/bip.wszuie.pl\/?page_id=273","title":{"rendered":"Uchwa\u0142y Senatu \u2013 rok akademicki 2018\/2019"},"content":{"rendered":"<p><a href=\"http:\/\/bip.wszuie.pl\/wp-content\/uploads\/2021\/11\/Uchwala-nr-1_2018_2019.pdf\">Uchwa\u0142a nr 1_2018_2019<\/a><\/p>\n<p><a href=\"http:\/\/bip.wszuie.pl\/wp-content\/uploads\/2021\/11\/Uchwala-nr-2_-2018_2019.pdf\">Uchwa\u0142a nr 2_ 2018_2019<\/a><\/p>\n<p><a href=\"http:\/\/bip.wszuie.pl\/wp-content\/uploads\/2021\/11\/Uchwala-nr-3_-2018_2019.pdf\">Uchwa\u0142a nr 3_ 2018_2019<\/a><\/p>\n<p><a href=\"http:\/\/bip.wszuie.pl\/wp-content\/uploads\/2021\/11\/Uchwala-nr-4_2018_2019.pdf\">Uchwa\u0142a nr 4_2018_2019<\/a><\/p>\n<p><a href=\"http:\/\/bip.wszuie.pl\/wp-content\/uploads\/2021\/11\/Zalacznik-nr-1-do-uchwaly-nr-4_2018_2019.pdf\">Za\u0142\u0105cznik nr 1 do uchwa\u0142y nr 4_2018_2019<\/a><\/p>\n<p><a href=\"http:\/\/bip.wszuie.pl\/wp-content\/uploads\/2021\/11\/Uchwala-nr-5_2018_2019.pdf\">Uchwa\u0142a nr 5_2018_2019<\/a><\/p>\n<p><a href=\"http:\/\/bip.wszuie.pl\/wp-content\/uploads\/2021\/11\/Uchwala-nr-6_2018_2019.pdf\">Uchwa\u0142a nr 6_2018_2019<\/a><\/p>\n<p><a href=\"http:\/\/bip.wszuie.pl\/wp-content\/uploads\/2021\/11\/Uchwala-nr-6_2018_2019.pdf\">Za\u0142\u0105cznik nr 1 do uchwa\u0142y nr 6_2018_2019<\/a><\/p>\n<p><a href=\"http:\/\/bip.wszuie.pl\/wp-content\/uploads\/2021\/11\/Uchwala-nr-7_2018_2019.pdf\">Uchwa\u0142a nr 7_2018_2019<\/a><\/p>\n<p><a href=\"http:\/\/bip.wszuie.pl\/wp-content\/uploads\/2021\/11\/Zalacznik-nr-1-do-uchwaly-nr-7_2018_2019.pdf\">Za\u0142\u0105cznik nr 1 do uchwa\u0142y nr 7_2018_2019<\/a><\/p>\n<p><a href=\"http:\/\/bip.wszuie.pl\/wp-content\/uploads\/2021\/11\/Zalacznik-nr-2-do-uchwaly-nr-7_2018_2019.pdf\">Za\u0142\u0105cznik nr 2 do uchwa\u0142y nr 7_2018_2019<\/a><\/p>\n<p><a href=\"http:\/\/bip.wszuie.pl\/wp-content\/uploads\/2021\/11\/Uchwala-nr-8_2018_2019.pdf\">Uchwa\u0142a nr 8_2018_2019<\/a><\/p>\n<p><a href=\"http:\/\/bip.wszuie.pl\/wp-content\/uploads\/2021\/11\/Zalacznik-nr-1-do-uchwaly-nr-8_2018_2019.pdf\">Za\u0142\u0105cznik nr 1 do uchwa\u0142y nr 8_2018_2019<\/a><\/p>\n<p><a href=\"http:\/\/bip.wszuie.pl\/wp-content\/uploads\/2021\/11\/Zalacznik-nr-2-do-uchwaly-nr-8_2018_2019.pdf\">Za\u0142\u0105cznik nr 2 do uchwa\u0142y nr 8_2018_2019<\/a><\/p>\n<p><a href=\"http:\/\/bip.wszuie.pl\/wp-content\/uploads\/2021\/11\/Uchwala-nr-9_-2018_2019.pdf\">Uchwa\u0142a nr 9_ 2018_2019<\/a><\/p>\n<p><a href=\"http:\/\/bip.wszuie.pl\/wp-content\/uploads\/2021\/11\/Uchwala-nr-10_-2018_2019.pdf\">Uchwa\u0142a nr 10_ 2018_2019<\/a><\/p>\n","protected":false},"excerpt":{"rendered":"<p>Uchwa\u0142a nr 1_2018_2019 Uchwa\u0142a nr 2_ 2018_2019 Uchwa\u0142a nr 3_ 2018_2019 Uchwa\u0142a nr 4_2018_2019 Za\u0142\u0105cznik nr 1 do uchwa\u0142y nr 4_2018_2019 Uchwa\u0142a nr 5_2018_2019 Uchwa\u0142a nr 6_2018_2019 Za\u0142\u0105cznik nr 1 do uchwa\u0142y nr 6_2018_2019 Uchwa\u0142a nr 7_2018_2019 Za\u0142\u0105cznik nr 1 &hellip; <a href=\"https:\/\/bip.wszuie.pl\/?page_id=273\">Czytaj dalej <span class=\"meta-nav\">&rarr;<\/span><\/a><\/p>\n","protected":false},"author":2,"featured_media":0,"parent":252,"menu_order":0,"comment_status":"closed","ping_status":"closed","template":"","meta":[],"_links":{"self":[{"href":"https:\/\/bip.wszuie.pl\/index.php?rest_route=\/wp\/v2\/pages\/273"}],"collection":[{"href":"https:\/\/bip.wszuie.pl\/index.php?rest_route=\/wp\/v2\/pages"}],"about":[{"href":"https:\/\/bip.wszuie.pl\/index.php?rest_route=\/wp\/v2\/types\/page"}],"author":[{"embeddable":true,"href":"https:\/\/bip.wszuie.pl\/index.php?rest_route=\/wp\/v2\/users\/2"}],"replies":[{"embeddable":true,"href":"https:\/\/bip.wszuie.pl\/index.php?rest_route=%2Fwp%2Fv2%2Fcomments&post=273"}],"version-history":[{"count":6,"href":"https:\/\/bip.wszuie.pl\/index.php?rest_route=\/wp\/v2\/pages\/273\/revisions"}],"predecessor-version":[{"id":329,"href":"https:\/\/bip.wszuie.pl\/index.php?rest_route=\/wp\/v2\/pages\/273\/revisions\/329"}],"up":[{"embeddable":true,"href":"https:\/\/bip.wszuie.pl\/index.php?rest_route=\/wp\/v2\/pages\/252"}],"wp:attachment":[{"href":"https:\/\/bip.wszuie.pl\/index.php?rest_route=%2Fwp%2Fv2%2Fmedia&parent=273"}],"curies":[{"name":"wp","href":"https:\/\/api.w.org\/{rel}","templated":true}]}}